to base 4
1202323201
What is 22002133103 (base 4) in base 3?
11221200220222
Convert -3435251 (base 8) to base 16.
-e3aa9
-24147 (base 8) to base 6
-115515
What is 15372 (base 8) in base 5?
210111
-221433 (base 5) to base 8
-17077
-2a18ec (base 16) to base 10
-2758892
Convert 1500113 (base 6) to base 14.
2328d
Convert -6ffed2 (base 16) to base 6.
-421152122
What is -167461 (base 9) in base 14?
-29c13
What is 42460452 (base 8) in base 16?
8a612a
10111210012210 (base 3) to base 10
1865667
Convert 8a62 (base 13) to base 8.
45622
Convert -272cb8 (base 15) to base 13.
-50bc6a
105952 (base 10) to base 4
121313200
-1230110312 (base 4) to base 16
-6c536
Convert 1010100211012 (base 3) to base 13.
17c051
Convert -215255 (base 9) to base 14.
-34b9a
-11022242 (base 5) to base 15
-1d39c
What is 125131 (base 8) in base 3?
2012211011
What is 147741 (base 8) in base 15?
10b7c
Convert -10000101111001100000011 (base 2) to base 8.
-20571403
-212203120100 (base 4) to base 10
-10106384
20442453 (base 6) to base 3
1010022121120
Convert -12121021212101 (base 3) to base 2.
-1011010111000001001011
What is 364012 (base 8) in base 6?
2402230
-435382 (base 9) to base 12
-106455
12323113 (base 6) to base 10
399861
What is -1441550 (base 6) in base 9?
-136323
What is -1150211 (base 11) in base 9?
-3686727
Convert 3040313 (base 5) to base 16.
c132
27056141 (base 8) to base 2
10111000101110001100001
101011011001111011 (base 2) to base 3
100000212201
Convert 434140314 (base 6) to base 9.
15533841
1051220 (base 7) to base 15
2883e
Convert c256 (base 15) to base 10.
41031
What is 10100111011111100110 (base 2) in base 6?
22412102
-93530 (base 10) to base 7
-536453
211001112110 (base 3) to base 10
434145
What is -704b8a (base 15) in base 12?
-19515aa
-211416 (base 9) to base 8
-365437
What is 42124101 (base 5) in base 16?
551eb
What is -1340400 (base 6) in base 14?
-1d636
What is -29c40 (base 14) in base 12?
-50194
Convert 300302303 (base 4) to base 3.
101011011012
What is -2108524 (base 9) in base 8?
-4233376
What is 113430300 (base 6) in base 15?
2c2730
Convert 21002220012 (base 3) to base 11.
96115
What is 13521 (base 13) in base 12?
18a20
1cd29 (base 16) to base 14
31049
Convert -61032 (base 16) to base 15.
-7cb0c
-b3e5d (base 16) to base 10
-736861
What is -491429 (base 13) in base 6?
-101223145
Convert -194b9 (base 15) to base 13.
-2b485
What is -1242413 (base 6) in base 12?
-33409
Convert -33432340 (base 6) to base 10.
-1015332
2384975 (base 11) to base 8
17651212
What is 45132325 (base 6) in base 3?
2120100202122
What is 1329098 (base 10) in base 4?
11010133022
26050630 (base 7) to base 12
960984
10ba91 (base 12) to base 11
17443a
-100011010001000000 (base 2) to base 6
-3032424
-8d889 (base 16) to base 11
-36660a
Convert -200323230321 (base 4) to base 10.
-8633145
What is -12110222002 (base 3) in base 4?
-122111123
-34243400 (base 5) to base 9
-515801
What is 52c78 (base 15) in base 14?
6ba36
15542144 (base 6) to base 8
2101320
Convert -134d7 (base 15) to base 13.
-221cb
-a5388a (base 11) to base 9
-3153505
-6a1544 (base 11) to base 12
-4590b8
What is 123241113 (base 6) in base 14?
466b2d
Convert 291667 (base 10) to base 9.
484074
Convert -4117430 (base 8) to base 12.
-446474
Convert -1223537 (base 9) to base 15.
-d21c7
What is 22232232 (base 7) in base 4?
13111232220
Convert -7a1706 (base 11) to base 5.
-311312301
What is -1010101011000111011010 (base 2) in base 13?
-76c760
Convert -1b15848 (base 14) to base 13.
-2a485bc
What is 50d4 (base 14) in base 10?
13906
Convert 7e4e40 (base 15) to base 8.
27026775
What is -77870 (base 9) in base 6?
-1035313
Convert 7ab7a0 (base 12) to base 11.
1125641
Convert 425231 (base 6) to base 9.
52741
What is -82ac1 (base 14) in base 6?
-10430025
-42036505 (base 7) to base 5
-1401221411
-2010122010100 (base 3) to base 13
-309468
What is -2a8324 (base 11) in base 9?
-810732
-34546 (base 13) to base 14
-26a86
What is 24709 (base 16) in base 12?
72461
-200100221120 (base 3) to base 9
-610846
What is 35429 (base 12) in base 14?
1c081
What is 222211201021 (base 3) in base 14?
da76c
What is 12dd7c3 (base 15) in base 8?
63734115
-220312100 (base 4) to base 6
-3330332
-8423737 (base 11) to base 10
-14850854
What is 1226065 (base 7) in base 3?
22000222011
Convert 287b9 (base 13) to base 14.
1d9cd
-40040141 (base 5) to base 2
-1001100111010100110
30250052 (base 7) to base 11
1469582
27551434 (base 8) to base 3
102200201121000
What is 24211422 (base 5) in base 2?
110111001001000110
What is cd549 (base 15) in base 2?
10011111010100011001
Convert 94105a (base 13) to base 8.
15142151
Convert -131819 (base 11) to base 9.
-345315
Convert 101566 (base 11) to base 13.
592b0
What is 14302056 (base 8) in base 13?
8980a3
What is 2f96e (base 16) in base 7?
1441204
What is -1011222 (base 4) in base 5?
-120313
Convert 322201331 (base 4) to base 3.
110011212022
What is 43c46 (base 15) in base 14?
586d1
What is -11010110031 (base 4) in base 9?
-2444186
What is -49a1b4 (base 12) in base 7?
-13124056
What is -8a337 (base 12) in base 14?
-4acd5
What is -10430513 (base 6) in base 10?
-315117
1511754 (base 10) to base 14
2b4d06
1201141303 (base 5) to base 7
32265325
What is 53010105 (base 7) in base 9?
8366860
24524121 (base 6) to base 10
788881
2315404 (base 7) to base 5
33240120
What is -100653 (base 10) in base 5?
-11210103
54524432 (base 8) to base 7
201344101
41977b (base 13) to base 4
11312231013
-230322301012 (base 4) to base 3
-211011020022211
671810 (base 14) to base 4
31112202112
Convert 2b1b464 (base 12) to base 10.
8749516
848ed (base 16) to base 7
4420652
Convert ba477 (base 15) to base 4.
2100130111
What is 131b749 (base 12) in base 10?
3773289
Convert -12122021011 (base 3) to base 14.
-2c649
What is 10240425 (base 6) in base 15?
5e208
-41c9e0 (base 16) to base 14
-80337a
What is -207107 (base 10) in base 6?
-4234455
-247514 (base 11) to base 14
-a24c3
38308 (base 9) to base 3
1022100022
What is 309250a (base 13) in base 8?
70172305
What is 136ed (base 16) in base 14?
21017
What is 1ac865a (base 13) in base 10?
8901136
-a303 (base 13) to base 5
-1204410
Convert 242423344 (base 5) to base 13.
30b6c8
460a066 (base 12) to base 10
13454286
Convert -2032035 (base 6) to base 13.
-355ac
What is -1621351 (base 8) in base 11?
-29a422
-559a1 (base 11) to base 12
-3aab0
31025 (base 7) to base 10
7565
-a7521b (base 13) to base 7
-45232554
Convert -3772257 (base 8) to base 5.
-231430204
Convert 808db (base 16) to base 13.
155893
2c10e2 (base 16) to base 8
13010342
What is -1dcaec (base 15) in base 13?
-3c19b0
What is 12515b (base 13) in base 3?
211100002011
-46597 (base 14) to base 4
-221303221
-20103313 (base 4) to base 14
-c595
296b89 (base 14) to base 4
11133212011
What is 324241 (base 6) in base 2?
110100100000001
2312010220 (base 4) to base 9
1356001
What is -2055a8 (base 11) in base 8?
-1203410
202010222211 (base 3) to base 14
a4747
-548047 (base 9) to base 6
-11003324
What is -82671 (base 11) in base 9?
-203373
What is 2b82189 (base 12) in base 16?
877a79
What is 178255 (base 9) in base 16?
1b1ac
Convert -50435525 (base 7) to base 12.
-14a31a5
Convert 1527244 (base 9) to base 6.
30040321
-2020112110112 (base 3) to base 12
-495658
Convert -2201102021201 (base 3) to base 4.
-11200303132
Convert 13230313 (base 4) to base 14.
b6d1
Convert 255880 (base 9) to base 11.
a6723
What is -20242263 (base 7) in base 2?
-110011100110111111101
Convert -166150 (base 11) to base 16.
-3ec23
What is -50150110 (base 6) in base 2?
-101011001001101011010
-841095 (base 13) to base 6
-150055123
Convert 3046612 (base 9) to base 11.
a10241
What is -11470204 (base 8) in base 12?
-a15a30
-433410 (base 7) to base 10
-75663
Convert -303213101202 (base 4) to base 3.
-221110101221220
Convert -17327 (base 15) to base 8.
-222322
What is 16a3db (base 14) in base 16?
c277d
What is 89544 (base 11) in base 6?
2440424
aba0ba (base 12) to base 15
39005d
-36145011 (base 7) to base 15
-4347dc
What is -d474c (base 14) in base 15?
-a19b9
-4645055 (base 8) to base 7
-13513431
-13033c (base 13) to base 8
-1575476
What is -50442320 (base 6) in base 9?
-2628473
What is 210814 (base 9) in base 10?
125320
What is 5cf717 (base 16) in base 12?
205995b
What is 1102012022 (base 3) in base 12?
14145
What is -2111